2)/(-188) + 6/(-4)?
15
Let w(l) = 11*l + 163. What is the remainder when 701 is divided by w(-4)?
106
Let t be 45/55 + (3 - (-62)/(-22)). What is the remainder when (-249)/(-4) - t - (-2)/(-8) is divided by 35?
26
Let z(x) = x**3 + 144*x**2 - 445*x - 274. Calculate the remainder when 1913 is divided by z(-147).
29
Suppose 0 = -441*z + 420*z + 15136 + 31169. What is the remainder when z is divided by 69?
66
Let g be ((-192)/(-40))/((6/15)/2). Suppose 0 = -9*p + g*p - 285. Calculate the remainder when p is divided by 3.
1
Let s be (45/6)/(2/4). What is the remainder when 43/3 + 0 + 10/s is divided by 5?
0
Let y(p) = -p**2 - 7*p + 44. Let g be y(-11). Suppose g = t - 5*l - 17, l - 3 = -5. What is the remainder when 11 is divided by t?
4
Let z(g) = -g**3 - 11*g**2 - 24*g + 48. Calculate the remainder when 3069 is divided by z(0).
45
Suppose 4*b - 26*m = 225 + 85, m = b - 61. What is the remainder when (2*1)/(6/681) is divided by b?
53
Suppose -593*u = -584*u - 162. Suppose -o = -0*l - 3*l - 176, -5*l = o - 136. What is the remainder when o is divided by u?
17
Suppose -311*u = 5*y - 306*u - 395, -4*y - u + 331 = 0. What is the remainder when 2017 is divided by y?
1
Suppose -14 = -2*o - 3*j, -5*j + 16 = -4*o - 0. What is the remainder when 93 is divided by (-20)/12 - o*616/(-24)?
21
Suppose -32*i + 4693 = -971. Calculate the remainder when 535 is divided by i.
4
Let q = 1838 - 1668. Let x(o) = 13*o + 6. What is the remainder when q is divided by x(4)?
54
Suppose 481 = 28*j - 2067. What is the remainder when 97 is divided by j?
6
Suppose -12*f = 4*f + 224. Calculate the remainder when 63 is divided by f/(-2) + 1*(2 + -3).
3
Suppose -3*y + 2*j + 36 = 0, 0*y = 3*y + j - 36. Let n be 728/21*(-2 - -5). Let o = n - 58. What is the remainder when o is divided by y?
10
Let w(n) = 9*n**2 + 133*n + 1215. Calculate the remainder when w(-13) is divided by 999.
8
Suppose -8*x = -13*x. Suppose x = -5*b + 4 + 136. Let v = -14 + b. Calculate the remainder when 52 is divided by v.
10
Let j = -77 - -142. What is the remainder when j is divided by ((-2)/(-20) + 4089/870)/((-20)/(-50))?
5
Suppose -k + 32 - 10 = 0. Suppose 37 = 12*i - 791. Calculate the remainder when i is divided by k.
3
Suppose -11*p = -14 + 58. What is the remainder when (-306)/p*4/6 is divided by 31?
20
What is the remainder when 1277 is divided by (15/(30/4))/(11/(-176)*-8)?
1
Suppose -5*p = 2*i - 75 - 260, 0 = -4*i - 2*p + 662. Calculate the remainder when 4456 is divided by i.
1
Suppose 2*f = 3*n + 43, -f - 53 = -5*f - 5*n. Let c = 19 - f. Suppose w + 0*x - 2*x = 15, c*w - 22 = -4*x. What is the remainder when 50 is divided by w?
11
Let z = 115 - 123. Calculate the remainder when (551 + z + -5)/(1*2) is divided by 17.
14
Let w(f) = -468*f + 261. Calculate the remainder when w(0) is divided by 95.
71
Let k(v) = -2*v**2 - 112*v - 936. Calculate the remainder when k(-13) is divided by 46.
44
Let q be (-5520)/(-5) + (-2 - -3). Suppose c - 3*b = 194, -q = -4*c - 5*b - 380. Suppose -3*j = -0*j - 93. Calculate the remainder when c is divided by j.
30
Let i = 15830 - 15823. Suppose -1305 = -4*k - k. Suppose -i*u + 4*u = -k. Calculate the remainder when u is divided by 30.
27
Suppose -3*n + 42 = t, 11*n - 4*t = 16*n - 56. Calculate the remainder when 8286 is divided by n.
14
Suppose 4*q + 44 = 2*b, 2*b = b + 2. Let z = 147 - 130. What is the remainder when z is divided by q/(-4)*22/5?
6
Suppose 6*y + 52 = 8*y. Let r(x) = -x**3 + x**2 - 12*x - 7*x**2 - 17 - 2*x**2 - 2*x**2. Calculate the remainder when y is divided by r(-9).
6
Suppose 0 = 4*j + n - 68, 4*j - 95 + 51 = 2*n. What is the remainder when 418 is divided by j?
13
Let u be ((-1)/(-2))/(43/(-2064)). Let v = -22 - -56. What is the remainder when v is divided by (u/9)/(511/105 + -5)?
14
Suppose 2*h - 7*i + i - 1458 = 0, 3*h = 4*i + 2172. Calculate the remainder when h is divided by 43.
32
Let d(i) = 1500*i + 953. What is the remainder when d(0) is divided by 422?
109
Let w(c) = -9*c - 16. Let d be w(0). Let q(s) = -s + 24. Calculate the remainder when 158 is divided by q(d).
38
Suppose 2*d = g - 231, 0 = -g + 6*g + 4*d - 1225. Let l = g + -112. Calculate the remainder when l is divided by (15*4/6)/(10 - (1 - -8)).
9
Let c be 22/6 - -1 - (-60)/(-90). Suppose -1356 = -c*m + 1740. Suppose -j - m = -7*j. What is the remainder when j is divided by 13?
12
Let l(j) = -j**2 - 14*j - 10. Suppose 4*g + 137 = -2*u + 3*u, -5*u = -2*g - 649. Let f = 217 - u. Calculate the remainder when f is divided by l(-10).
28
Suppose 0 = 3*q - 4*u - 52 - 180, 4*q - 306 = 2*u. Suppose q*x - 162 = 75*x. Calculate the remainder when x is divided by 15.
12
Let g(t) = -8*t + 6*t - 83 + t + 11*t. What is the remainder when g(18) is divided by 50?
47
Suppose 2*y - 58 = -4*q, 0 = y + 3*q - 31 + 1. Let p = 69 + y. What is the remainder when p is divided by 32?
0
Suppose 2*q + s = 519, 5*s = -3*q + 2*s + 771. Let z = q + -250. Calculate the remainder when 64 is divided by z.
4
Suppose -9*h + 187 = -425. What is the remainder when h is divided by 20?
8
Calculate the remainder when 166/664 - (3 - (-943)/(-4)) is divided by 53.
21
Suppose -4*h = 2*o - 8, 5*o + 4 = h - 5*h. Let q be ((1 - 4) + h)/((-1)/44). Let p = 57 + q. Calculate the remainder when p is divided by 5.
3
Suppose -62*d + 61*d + 95 = 2*p, 2*d + 5*p = 185. What is the remainder when d is divided by 16?
9
Suppose 21*y + 396 = 24*y. Let k = 136 - y. What is the remainder when 12 is divided by k?
0
Let p = 10 + -4. Suppose -3*x = 4*b - 9, b - 2*x - x - p = 0. Suppose b*r - 4*r = -23. What is the remainder when 45 is divided by r?
22
Let f(h) = -h**2 - 163*h - 1083. What is the remainder when 2003 is divided by f(-7)?
5
What is the remainder when 6470 is divided by 74 + 8 + -3 + 16/(3 + 1)?
79
What is the remainder when 17534/32 - 82/(-1312) is divided by 75?
23
Let o be (-6)/33 - 1548/198. What is the remainder when (-4)/(-1)*(-45)/(-12) is divided by (o/(-10))/(-1)*(-20)/8?
1
Suppose 6209 - 7518 = -17*p. Suppose 3*n + 4 + 68 = 0. Let k = -8 - n. Calculate the remainder when p is divided by k.
13
Let w = -3902 - -3929. What is the remainder when w is divided by 17?
10
Suppose 0 = 3*c - 5*n - 32, -8 = c + 5*n - 2*n. Suppose -c*o + 12*o + 1048 = 0. Let s = o - -241. Calculate the remainder when s is divided by 28.
26
Let s be 1*((-8)/(-12))/((-4)/(-84)). Suppose -s*f = -17*f + 105. Let g(p) = -2*p + 1. What is the remainder when f is divided by g(-4)?
8
Let z be (640/(-2880))/(1/(-1*9)). What is the remainder when 151 is divided by (89 - 38)/(z/2)?
49
Let l = -173 + 276. Calculate the remainder when l is divided by 1/((-1872)/(-372) + -5).
10
Let s = 7665 + -7520. Calculate the remainder when 1301 is divided by s.
141
What is the remainder when 320 is divided by 19 - (-11)/88*-40?
12
Suppose k = -19 + 40. Let u be ((-3)/6)/((k/2418)/(-7)). Suppose -u - 572 = -15*n. Calculate the remainder when n is divided by 34.
31
Let p(a) = 162*a - 875. Let s = -5 - -31. What is the remainder when p(6) is divided by s?
19
Suppose 0 = 3*w - 4*b - 19, 3*b + 23 = 3*w + 5. Suppose 435 = -w*x + 10*x. What is the remainder when 338 is divided by x?
77
Let z be (-3)/9 + 222/18. Suppose 3*j - 7*j + z = 0. Suppose -4*o + 24 = c, 9*o = -j*c + 4*o + 51. Calculate the remainder when 34 is divided by c.
10
Suppose -4*q - w + 45178 = 0, -4*w + 10766 = -3*q + 44678. What is the remainder when q is divided by 10?
6
Suppose -44*m - 4*m = 96693 - 726981. What is the remainder when m is divided by 49?
48
Calculate the remainder when (-29)/(-87) - 1810/(-15) is divided by 70.
51
Let v(k) = -397*k + 44. Calculate the remainder when v(-1) is divided by 161.
119
Let w(r) = -r**2 - 63*r + 3605. Calculate the remainder when 18108 is divided by w(34).
302
Suppose -3041 = -20*x + 4679. What is the remainder when x is divided by 33?
23
Suppose 3*q - 4*y - 339 = 0, 483*q = 487*q + 2*y - 474. What is the remainder when 1266 is divided by q?
96
Let b(r) = -r**3 - 59*r**2 - 490*r + 48. What is the remainder when b(-51) is divided by 184?
182
Let p = -33304 + 33353. What is the remainder when 808 is divided by p?
24
Suppose 7*u - 5*d = 62, -6*d + 4*d = -6. Calculate the remainder when 198 is divided by u.
0
Let c(m) = m**3 + 36*m**2 - 165*m - 126. Calculate the remainder